j - 968, 5*l = -4*j + o*j - 3899. Is j prime?
True
Suppose -17*q - 148132 = -540180 - 561363. Is q a prime number?
False
Let x(q) = 140*q + 1291. Is x(15) prime?
True
Let f(t) = -8*t**3 - 7*t**2 - 7*t - 9. Let y = -67 - -65. Let q be (6 - 5)/y + 14/(-4). Is f(q) composite?
False
Suppose -k - 254 = -258. Suppose -2808 = -3*f - 0*f. Suppose 2*j - 4*x = 742, 943 = 5*j - k*x - f. Is j composite?
False
Let k be 642 + 0 + 3/(-1). Suppose f + k = 5*q, -q + 2*f + 170 - 35 = 0. Let c = q + -84. Is c a composite number?
False
Suppose -5*q - 5*p = -q - 11598, -4*q + 11612 = -2*p. Let l = q + -69. Is l a prime number?
True
Let n = -205 + 32. Suppose 0 = -52*v + 47*v + 1410. Let k = n + v. Is k prime?
True
Suppose 188*w - 127791 - 341269 = 0. Is w a composite number?
True
Is (106 + -18689)*(-21 - 2) prime?
False
Let g = -2133 + 3241. Let o = -79 - -81. Suppose -988 = -3*z - h + g, 1399 = o*z - h. Is z prime?
False
Let u(j) = 2*j**2 + 30*j + 33. Let b be u(-16). Let s = -974 - -1537. Suppose b*k = 66*k - s. Is k composite?
False
Suppose i - 6*i = -15. Suppose -q + 5592 = i*q. Suppose 5*f - 92 = q. Is f a composite number?
True
Let z(t) = -t**3 + 2*t**2 - 6*t + 15. Let s(x) = -12*x + 30 - 252*x**2 + 508*x**2 - 253*x**2 - 3*x**3. Let d(w) = 4*s(w) - 7*z(w). Is d(-8) a composite number?
True
Suppose -3*q - 2*q - 40 = 0. Let p be (-896)/(-6)*(-36)/q. Suppose c + 41 = p. Is c a composite number?
False
Let a = -512882 - -794391. Is a prime?
True
Suppose 3*j + 14149 = 4*f, 0 = -4*f + 4. Let i = 1693 + j. Let k = i + 4539. Is k a composite number?
True
Suppose -2 = p + 1, 2*r = -5*p + 15. Let k be ((-3)/r*0)/1. Let m(c) = c**3 - c**2 - c + 335. Is m(k) a prime number?
False
Suppose 0 = 5*m - 3*m - 34. Let s(t) be the second derivative of 41*t**3/6 - 4*t**2 - t + 466. Is s(m) a prime number?
False
Let a = 734535 - 214526. Is a a prime number?
False
Let s(q) = -220*q - 6. Suppose -5*y + a - 6 = 0, -y = -5*a + 6*a. Is s(y) a prime number?
False
Suppose 18 = 2*f + 42. Let h = f - -6. Is h/(-2) - 6 - -56 a prime number?
True
Let v be 3*6/63 - (-96)/56. Suppose 0 = 4*f - 5*b - 1489, -2*f - v*b - 1115 = -5*f. Is f prime?
False
Let m(o) = -22*o**3 + 20*o**2 + 99*o + 37. Is m(-20) prime?
True
Suppose -154*w = -186*w + 18788055 - 440695. Is w prime?
False
Let x = 65 - 59. Let q be (-12)/(-16)*40/x. Suppose 0*r - 5275 = -q*r. Is r a composite number?
True
Let d = -20628 + 14000. Let q = 20591 + d. Is q a composite number?
False
Let m(c) = -2*c. Let f be m(2). Let i = 8 + f. Suppose -z + s = -962, i*z + 4792 = 9*z + s. Is z composite?
True
Suppose 41*z + 498461 = 43*z + 3*i, 0 = -5*z + 3*i + 1246142. Is z composite?
False
Suppose 2*u = 5*h + 237347, -3*u - 2*h + 402116 = 46067. Is u prime?
True
Suppose -44*o = -45*o + 4*y + 1401, 0 = 4*o + 4*y - 5524. Is o a prime number?
False
Suppose -225*a + 3018855 = -120*a. Is a prime?
True
Let d = -29355 + 208918. Is d prime?
True
Let r(v) = -173*v**3 - 28*v**2 + 12*v + 202. Is r(-13) a prime number?
False
Is 11/((-198)/(-180)) + 213079 a composite number?
True
Let c = -105 + 104. Is (c + 1741/2)*(-6 - -8) composite?
True
Suppose -2157812 = -24*f + 287067 + 2815177. Is f a composite number?
False
Suppose -78*u + 188*u - 33511069 = 4889821. Is u composite?
False
Suppose -21467947 = -152*n + 129*n. Is n composite?
False
Let i(s) = -1215*s + 5. Let a be i(-1). Let j = -1885 + a. Let c = j - -2400. Is c a prime number?
False
Let w be 30/20*10/3. Suppose -a - 4*s = 8, -w*a + 5*s - 4*s = 103. Let q(m) = -m**2 - 27*m - 6. Is q(a) a prime number?
False
Let f be (-2)/7 - (-32)/14. Suppose 2*n = q - f*n - 6351, -4*q - 3*n + 25309 = 0. Is q a composite number?
True
Let l(x) = x**2 - x + 5. Let r be l(6). Suppose -8*z + r = 83. Is 957 - 8/z*-3 composite?
False
Let p = 102327 + -56740. Is p prime?
True
Suppose 6*z + 129 - 31744 = -2497. Is z a prime number?
False
Let d(o) = 43965*o - 283. Is d(1) a composite number?
True
Is (103656/80 + 7/(-35))*82 prime?
False
Suppose 29*f = 23*f - 186. Let u(z) = -390*z - 173. Is u(f) prime?
False
Is ((-63)/36*4 - 219448)*-1 composite?
True
Suppose 0 = -r + 3*j + 480, r + 4*j - 62 - 446 = 0. Suppose -6*c = -r + 186. Is c composite?
True
Suppose 6*w - 266176 = 124366 + 1132576. Is w a composite number?
False
Let m = -53728 - -199889. Is m a composite number?
False
Let g(u) = -1510*u - 21. Let z be g(4). Let h = -3290 - z. Is h a prime number?
False
Let m = 335 - 244. Suppose -503350 = 81*p - m*p. Is p prime?
False
Let w be (30/(-24))/((-2)/112). Let v = -380 - -550. Suppose -w*s = -75*s + v. Is s a prime number?
False
Let z(t) = 12186*t - 953. Is z(39) composite?
True
Let g(o) = 121*o - 227. Let x(y) = 238*y - 453. Let d(j) = 5*g(j) - 3*x(j). Is d(-17) prime?
False
Let b be 132/165*1*12475. Suppose -2*q + 0*a = -2*a - b, 2*a = -5*q + 24929. Is q a prime number?
True
Let i = 100117 + -53684. Is i prime?
False
Suppose -10*i + 14820 = 2*i. Let h(k) = -494*k - 4. Let s be h(-4). Let u = s - i. Is u prime?
False
Suppose 0 = 27*n - 22*n. Suppose -a - a = -2*o + 4, 0 = -5*a + 2*o + 2. Is 470/a - n/3 composite?
True
Let x(j) = 1211*j**2 + 12*j - 15. Let f be 76/36 - ((-4)/9)/(-4). Is x(f) a composite number?
True
Suppose -3*j - 142 = -154. Suppose 1135 = 2*g - y - 1093, g = j*y + 1107. Is g prime?
False
Is ((-165)/(-10) - 15)*(68668/6)/1 a prime number?
True
Suppose a - r - 440 = 879, 2622 = 2*a + 2*r. Let i be 2689/(-3) - 2/(-6). Let h = i + a. Is h prime?
True
Suppose -11*o = 3*o - 34342. Let b = -904 - o. Let r = -1700 - b. Is r prime?
True
Let g(d) = -81*d**3 - 15*d**2 + 26*d + 69. Is g(-16) composite?
True
Suppose 0*w - 3*w = 9, 4*z = -2*w + 28258. Let f = -4259 + z. Is f a composite number?
True
Let q = -209508 - -888661. Is q a prime number?
True
Let r(n) = 2*n**2 - 35*n - 46. Let c be r(19). Suppose -c*z + 90284 = -372255. Is z prime?
False
Suppose 29*a - 8142330 = -41*a + 10206700. Is a a composite number?
True
Is -11*(-14)/(308/97702) a prime number?
False
Suppose -5*l = -8 - 7. Suppose -l*z - 5*h - 20 = 0, z + 4*h - 1 + 17 = 0. Suppose z = 5*p + 2*p - 2933. Is p composite?
False
Suppose 3968*o = 3954*o + 2719346. Is o composite?
False
Suppose 3 = z, 2*o + 3*z - 31 = -2*z. Suppose -7*p = o*p - 46005. Is p a composite number?
False
Suppose 45*b - 23*b = -25*b + 6264959. Is b a prime number?
False
Let s be (3 - (3 - 6)) + -838. Let j = 1899 + s. Is j a composite number?
True
Let d(m) = -9*m + 30. Let v be d(0). Let j be v/9*3/(-2)*-2. Is ((-212)/j)/(32/(-80)) a prime number?
True
Let o = -6 + 22. Suppose o*u - 131022 = -2*u. Is u a composite number?
True
Let t be 80/(8 - -2)*674*-1. Let k = 7623 + t. Is k composite?
True
Let s = 13 - 10. Suppose n = -s*i - 1176, -n = -4*n. Let f = -273 - i. Is f a composite number?
True
Suppose -3*q = 5*t - 0 + 25, q - 2*t + 12 = 0. Is 61578/30 - q/25 composite?
False
Suppose 95*t + 1511713 = 102*t. Is t composite?
False
Let x be 132/2 + 0/(11 - 9). Suppose 69*q - 6135 = x*q. Is q composite?
True
Suppose -97*u + 80*u + 782043 + 104728 = 0. Is u composite?
False
Let j = -185297 + 322228. Is j composite?
True
Suppose -4*b = -13639 - 12829. Suppose -3*o = -4*j - 6601, -o = 2*o + 4*j - b. Is o a prime number?
True
Let a be ((-48)/20)/((-6)/21160). Let i = a - 12015. Let g = 5352 + i. Is g a composite number?
False
Let d = -8747 + 16246. Is d composite?
False
Is ((-1947)/5369 - 1/(-13)) + (-2851426)/(-14) a prime number?
False
Let h be 2*9/(-12)*-2. Suppose -r - 5*a + 3 = -9, -r + 4*a + h = 0. Is 27*27 - (r + -11) composite?
False
Suppose -21*n - 41706 = -27*n. Is (-4*(-9)/(-54))/((-2)/n) composite?
True
Suppose 9*c - 2 = 7. Let z be ((-10766)/2 - 3)/(c/(-1)). Suppose -7*u = -14913 + z. Is u a prime number?
True
Is ((-10)/35)/((-6)/740859) composite?
False
Let c(h) = 3*h + 28. Let l be c(-7). Suppose l*v = -v + 98408. Is v a prime number?
True
Let y be 1640/(-6)*(-3)/(-2)*-1. Let t = y - -1513. Is t a prime number?
False
Let s(r) = -2*r**2 + 9*r - 4. Let z be s(4). Suppose z*j = 2*j. Suppose j = 4*w - 5*q - 1287, 2*w + 4*q = -3*w + 1619. Is w prime?
False
Let c = -446 - -222. Let x be (-15)/(-6)*c/(-20). Let s = 1123 + x. Is s composite?
False
Let j be ((-114)/8)/(2/8). Suppose g - 62 = 10. Let r = g - j. Is r composite?
True
Suppose 1050821 + 264429 = 5*z + 5*v, -v - 3945734 = -15*